202
2550 (base 8) to base 10
1384
Convert 75 (base 14) to base 13.
7c
22423 (base 5) to base 4
121031
Convert -cdd6 (base 15) to base 7.
-241122
What is -23301011 (base 4) in base 11?
-33236
-30232 (base 4) to base 13
-4a8
Convert 6121 (base 7) to base 14.
ab8
-13650 (base 13) to base 11
-25248
Convert -35d9 (base 15) to base 12.
-6766
Convert -58 (base 12) to base 14.
-4c
What is 11200111 (base 4) in base 3?
1010221011
Convert -10001110101 (base 2) to base 3.
-1120021
Convert 138a (base 15) to base 2.
1000001010100
Convert 2479a (base 14) to base 3.
11112112000
Convert -2927 (base 15) to base 7.
-34456
Convert -351 (base 10) to base 5.
-2401
Convert 13312 (base 5) to base 3.
1111002
What is -113 (base 13) in base 4?
-2321
Convert -3301222 (base 4) to base 11.
-10690
Convert -12878 (base 14) to base 7.
-246611
-a1 (base 12) to base 14
-89
Convert -10001111100110010 (base 2) to base 7.
-424231
Convert 754 (base 8) to base 16.
1ec
What is 81c (base 15) in base 8?
3443
What is 5555 (base 10) in base 7?
22124
-255303 (base 7) to base 11
-32748
-1765 (base 10) to base 12
-1031
Convert -1255 (base 16) to base 8.
-11125
Convert 150 (base 14) to base 12.
1a2
Convert -2222 (base 5) to base 11.
-264
-111111010 (base 2) to base 8
-772
1a7 (base 11) to base 7
460
-222012001 (base 3) to base 13
-88c6
Convert 302 (base 11) to base 12.
265
What is -31411 (base 5) in base 11?
-1645
120101 (base 3) to base 2
110011111
What is 121021 (base 3) in base 9?
537
1313 (base 7) to base 9
615
What is -1003 (base 5) in base 7?
-242
What is 5742 (base 13) in base 11?
9201
What is -842 (base 14) in base 11?
-1249
-757 (base 10) to base 14
-3c1
Convert 96c5 (base 14) to base 7.
135635
Convert -17141 (base 8) to base 13.
-3703
96 (base 10) to base 2
1100000
What is 141101 (base 7) in base 13?
c27b
Convert 187 (base 12) to base 4.
3313
cdc (base 14) to base 15
b4b
What is 41100 (base 5) in base 15?
bba
-321223 (base 5) to base 11
-8140
What is -1740 (base 11) in base 13?
-101c
What is -17653 (base 11) in base 7?
-132064
-4166 (base 7) to base 11
-1116
Convert -2002002 (base 3) to base 2.
-10111101010
What is 12110 (base 9) in base 6?
101313
What is 2455 (base 9) in base 6?
12252
What is 437 (base 11) in base 7?
1346
What is 162c (base 14) in base 16?
f78
What is -b17 (base 12) in base 3?
-2012101
-4c (base 13) to base 12
-54
Convert 32b7 (base 13) to base 11.
5356
Convert -13d (base 15) to base 6.
-1151
Convert 1012212101 (base 3) to base 14.
8a35
What is 13361 (base 7) in base 13?
1856
What is 7497 (base 12) in base 15?
3bc7
Convert 28bbb (base 12) to base 8.
157277
What is -10 (base 7) in base 9?
-7
190 (base 11) to base 3
22011
Convert -12411 (base 5) to base 4.
-33111
What is -5133 (base 8) in base 9?
-3565
-2b79 (base 14) to base 9
-11562
Convert 131030 (base 5) to base 13.
2455
Convert -351 (base 8) to base 9.
-278
What is 62 (base 15) in base 2?
1011100
What is c46 (base 15) in base 11?
2095
What is 336 (base 15) in base 9?
886
22233 (base 9) to base 5
433042
778 (base 16) to base 15
877
What is 5353 (base 7) in base 12?
1124
What is 110 (base 14) in base 11?
181
What is -158 (base 15) in base 7?
-620
-17a (base 11) to base 8
-320
Convert -115 (base 15) to base 8.
-365
What is -120 (base 3) in base 16?
-f
Convert -72837 (base 9) to base 14.
-13735
What is 1089 (base 16) in base 12?
2549
4372 (base 11) to base 4
1122012
Convert -101120100 (base 3) to base 4.
-1320120
What is 786 (base 13) in base 9?
1686
b96 (base 14) to base 11
17a0
Convert -332212 (base 4) to base 6.
-30314
Convert -1174 (base 8) to base 13.
-39c
-21a71 (base 12) to base 6
-543021
-1111011010 (base 2) to base 5
-12421
What is -10010101111 (base 2) in base 8?
-2257
2222100 (base 3) to base 5
32134
17999 (base 10) to base 11
12583
-85 (base 15) to base 9
-148
Convert 286 (base 14) to base 4.
13332
-11111001000 (base 2) to base 10
-1992
What is -111212021 (base 3) in base 12?
-5a21
-342 (base 5) to base 15
-67
Convert -1232 (base 7) to base 16.
-1d0
What is 20153 (base 6) in base 8?
5145
What is 3de (base 15) in base 4?
31310
1012001 (base 4) to base 10
4481
602 (base 8) to base 13
239
Convert -210020 (base 3) to base 13.
-351
-a678 (base 13) to base 3
-1011122221
What is -414 (base 11) in base 2?
-111110011
1102020101 (base 3) to base 13
c8c2
-11210 (base 3) to base 6
-333
What is 296 (base 16) in base 2?
1010010110
What is -a21 (base 15) in base 8?
-4351
4a7 (base 12) to base 2
1010111111
101222 (base 3) to base 6
1212
-213 (base 11) to base 13
-169
What is -10221 (base 3) in base 10?
-106
What is 54322 (base 6) in base 13?
3524
220011000 (base 3) to base 14
65b6
Convert 214404 (base 5) to base 16.
1d37
Convert 3236 (base 7) to base 16.
482
10aa2 (base 15) to base 8
147443
What is 1000111110 (base 2) in base 7?
1450
2301130 (base 4) to base 14
41d2
What is -22110211 (base 3) in base 4?
-1200202
6c (base 13) to base 12
76
-3120321 (base 4) to base 7
-55320
What is -41235 (base 6) in base 4?
-1111313
Convert 1001001000 (base 2) to base 5.
4314
-acf (base 16) to base 3
-10210111
Convert -5124 (base 6) to base 14.
-5ac
-110010110 (base 2) to base 5
-3111
Convert 461 (base 15) to base 3.
1100201
1321 (base 5) to base 10
211
Convert -397 (base 10) to base 13.
-247
What is 133525 (base 7) in base 13?
b695
What is 14295 (base 10) in base 7?
56451
Convert 21a (base 15) to base 2.
111011011
Convert 289 (base 11) to base 6.
1323
Convert -110000000110 (base 2) to base 13.
-152a
What is 419 (base 15) in base 6?
4140
Convert -13888 (base 9) to base 13.
-440c
-7c82 (base 15) to base 3
-1100021112
What is c4 (base 14) in base 9?
211
1020210120 (base 3) to base 16
603f
What is -202 (base 14) in base 5?
-3034
What is -159 (base 14) in base 12?
-1ab
Convert -2242 (base 9) to base 7.
-4556
-1c2 (base 16) to base 5
-3300
224 (base 7) to base 2
1110100
What is 998 (base 12) in base 11?
1074
-c4 (base 15) to base 5
-1214
Convert -34445 (base 8) to base 10.
-14629
Convert 11000 (base 4) to base 9.
385
What is -57736 (base 8) in base 5?
-1241132
-16100 (base 10) to base 9
-24068
What is 5024 (base 9) in base 16?
e53
22301 (base 7) to base 5
140021
Convert 11110110000 (base 2) to base 11.
152a
What is -a943 (base 12) in base 8?
-44303
Convert 4129 (base 10) to base 14.
170d
Convert 84 (base 12) to base 15.
6a
Convert -13d5 (base 14) to base 12.
-2053
Convert 23143 (base 5) to base 3.
2021222
What is 3202 (base 6) in base 2?
1011010010
What is 24c9 (base 13) in base 16?
1473
-11a7 (base 12) to base 4
-133033
Convert -549 (base 14) to base 6.
-4501
What is -14b5b (base 14) in base 4?
-30212231
What is 130 (base 10) in base 12?
aa
What is -503520 (base 6) in base 2?
-1001101100101000
What is 27a8 (base 14) in base 8?
15540
What is -11101000101 (base 2) in base 12?
-10b1
6680 (base 9) to base 7
20244
-1714 (base 8) to base 9
-1300
What is -740 (base 9) in base 4?
-21123
Convert 11001110 (base 2) to base 13.
12b
3554 (base 9) to base 8
5121
What is -101220 (base 3) in base 15?
-149
Convert -112212 (base 4) to base 6.
-10410
Convert -11322111 (base 4) to base 7.
-130410
Convert -5966 (base 10) to base 6.
-43342
1311 (base 9) to base 13
5a7
What is 10101320 (base 4) in base 3?
220001012
64415 (base 7) to base 10
15986
What is 370b (base 13) in base 16?
1e69
-10210020 (base 3) to base 6
-20440
What is -200000021 (base 3) in base 15?
-3d54
Convert -3104 (base 6) to base 8.
-1260
What is -a37 (base 13) in base 15?
-7ab
-1034 (base 5) to base 2
-10010000
10023 (base 4) to base 2
100001011
1bb (base 16) to base 4
12323
Convert -454 (base 13) to base 16.
-2e9
What is -23014 (base 5) in base 2?
-11001100010
What is -2000 (base 4) in base 15?
-88
Convert -25214 (base 6) to base 7.
-13642
102111121 (base 3) to base 10
8386
Convert -11311 (base 4) to base 12.
-271
3a7 (base 13) to base 11
536
What is -14a (base 15) in base 8?
-447
Convert -13312 (base 4) to base 2.
-111110110
Convert 40114 (base 7) to base 15.
2ce4
Convert 848 (base 11) to base 16.
3fc
Convert 474 (base 10) to base 4.
13122
What is -13011 (base 5) in base 7?
-2635
Convert -376 (base 8) to base 15.
-11e
-236 (base 9) to base 16
-c3
Convert -10d35 (base 14) to base 12.
-1b897
What is 680 (base 14) in base 2?
10100001000
2122000 (base 3) to base 12
1139
Convert 101100111 (ba